 highest common factor of 104 and b?
26
Let v be 3*(11/(-66) + 26/4). Calculate the greatest common factor of v and 209.
19
Suppose 5*i - 4*r - 75 = -r, i - 3 = 3*r. Suppose 2*y + 3*f + f = 180, 5*f = 0. Calculate the greatest common divisor of y and i.
18
Suppose -2*w + 22 = -6. Let j(n) = n**3 - 13*n**2 - 10*n - 6. Let o be j(w). What is the highest common factor of o and 20?
10
Let u = -5 + 14. Calculate the highest common divisor of 3 and u.
3
Let q = -4 + 4. Suppose d = -q*d + 72. Let o be 7/(21/d) + 0. What is the greatest common divisor of o and 168?
24
Let u(k) = k - k + 2*k - 2 - 1. Let o be u(2). Calculate the greatest common divisor of 9 and o.
1
Let d be (-296)/3 - 2/6. Let b = -69 - d. Calculate the greatest common factor of 6 and b.
6
Let p be 2*(1 - (-123)/2). Suppose -5*c + a + 9 = 0, -6 = -3*c - 4*a - 19. Let i be 3/c - (7 - p). Calculate the highest common divisor of i and 11.
11
Let g = 97 + -42. Let n = 8 - 6. Suppose n*w + 7*s = 2*s + 5, -4*s - 4 = 0. Calculate the highest common factor of g and w.
5
Suppose 575 = -4*y + 9*y. Calculate the greatest common factor of 23 and y.
23
Suppose 5*g - 3 - 7 = 0. Suppose -u = f + g*u - 48, -5*u = -5*f + 140. Calculate the greatest common factor of 3 and f.
3
Let c = -6 - -12. What is the highest common factor of c and 18?
6
Suppose 0*u - 2*u = p - 35, 4*u = 3*p - 65. Calculate the highest common factor of 54 and p.
27
Suppose 4*v - 6 = -5*t + 6, 5*v + 14 = t. Let c be (2 - (-2 - -2))*t. What is the greatest common divisor of 4 and c?
4
Let d = -4 - -7. Suppose 16*p - 2 = 15*p. What is the highest common factor of d and p?
1
Let m = -9 + 4. Let r = m + 10. Suppose 0 = -r*g + g + 40. Calculate the highest common factor of 25 and g.
5
Suppose -x = 4*r - 10, -4*x + 29 = x - r. Let s = x + -3. Suppose -c + 0*g + 5 = -g, -s*g + 13 = 4*c. Calculate the greatest common divisor of c and 1.
1
Let x = -3 - -5. Suppose i - x*i = -55. Calculate the greatest common factor of 22 and i.
11
Suppose 18 = 3*s - 5*r, -3*r = -5*s - 0*r + 46. Suppose -s = -5*p + 4. Let o be (1/p)/(2/6). Calculate the greatest common divisor of 4 and o.
1
Suppose -7*c - 5*c = -60. What is the greatest common divisor of 2 and c?
1
Let d(m) = -m**3 - 4*m**2 + 4*m - 2. Let u be d(-5). Suppose u*w + 5 - 17 = 0. Calculate the highest common factor of 2 and w.
2
Let q = 165 - 133. Calculate the greatest common divisor of q and 96.
32
Suppose 4*r = 404 + 336. Let l be (3/(-3) + 2)*-13. Let o = r - l. What is the highest common divisor of o and 18?
18
Let o(l) = -240*l**3 - 2*l**2 + 1. Let y be o(-1). Suppose -y + 629 = 5*j. Suppose 398 = 5*h + j. Calculate the highest common divisor of 8 and h.
8
Let n = 19 - 10. Let a(v) = -3*v - 9. Let d be 2/(2/12*-2). Let x be a(d). What is the highest common factor of x and n?
9
Let z be 69/15 - (-2)/5. Suppose z*a - 40 = 10. Suppose 2*p - 3*h = 45, 3*h + 25 = p + h. Calculate the highest common factor of a and p.
5
Let j = 8 + -1. Calculate the highest common factor of 21 and j.
7
Let r = 2 - -2. Suppose -r*c + 42 = -10. What is the greatest common factor of 13 and c?
13
Let z = -30 - -42. Suppose -r = 2*r - z. Suppose -x + 1 = -5. Calculate the highest common divisor of x and r.
2
Let o(b) = -2*b**2 + b - 2. Let x be o(3). Let u = 22 + x. Suppose 0 = 3*j + d - 72, j + 2*j + 2*d = 69. Calculate the greatest common divisor of j and u.
5
Let t be 2/(-2) + (-2)/2. Let r = 15 + -12. Let f = t + r. Calculate the highest common factor of f and 9.
1
Suppose -3 + 18 = 5*s, -5*g + s + 192 = 0. What is the greatest common divisor of 78 and g?
39
Suppose 7 + 1 = 2*l. Suppose -l*m = -i + 5*i - 20, 0 = -2*m + 4*i - 2. Let c(k) = -5*k - 3. Let u be c(-3). What is the highest common factor of m and u?
3
Let k(s) = -s**3 - 7*s**2 + 7*s - 6. Suppose x + 2 = -6. Let n be k(x). Calculate the highest common factor of n and 6.
2
Suppose 0*i - 2*i = 0. Let g(d) = d**2 + d + 8. Let m be g(i). Suppose m = 3*t - 4. Calculate the highest common factor of t and 4.
4
Let l(p) = p**2 - 5*p + 4. Suppose 4*o - 3*b - 13 = 2*b, -2*o = b - 17. Let k be l(o). What is the highest common factor of 126 and k?
18
Let w(i) = i + 8. Let d be w(6). Let a(t) = 8*t**2 + 2*t + 1. Let f be a(-1). What is the greatest common divisor of d and f?
7
Let v be -3 + (4 + -3 - -2). Suppose -n + 25 - 5 = v. Calculate the greatest common factor of n and 220.
20
Suppose g = u + 8, -3*g + 0*u = -2*u - 23. Let z(v) = -v - 3. Let x = 4 + -8. Let j be z(x). Calculate the greatest common divisor of j and g.
1
Suppose 0 = 5*z - 1175 + 295. What is the highest common divisor of 11 and z?
11
Let j be (-7)/(-1 + (-9)/(-12)). Let p be 2/(-7) - (-3368)/j. What is the highest common divisor of p and 15?
15
Suppose -15 = -m - 3*i, 0 = i - 4. Calculate the greatest common divisor of 3 and m.
3
Suppose -3*s - 2*a = -85, -15 = -s - 0*a + 2*a. Let j = -18 + s. What is the greatest common divisor of 49 and j?
7
Let u(n) = 100*n**2 - 1. Let j be u(1). Suppose 5*g + 3 - 13 = 0. Suppose -w = g - 11. Calculate the greatest common divisor of w and j.
9
Suppose 3 = 2*o - 7, -2*f - 21 = -5*o. Let x be (126/f)/((-12)/(-8)). Suppose 0 = -3*n + 27 + x. Calculate the highest common divisor of n and 92.
23
Suppose -3*a = j - 41, 0 = a - 0*a + 2*j - 12. Calculate the greatest common factor of 42 and a.
14
Let a(z) = -z**2 - 11*z + 25. Let j be a(-11). Calculate the greatest common factor of j and 25.
25
Let o(x) = x**3 - 11*x**2 + 9*x - 17. Let b be o(11). Calculate the highest common divisor of b and 205.
41
Let r be -1 - -1 - 30/(-5). Let u = 116 - r. Calculate the greatest common factor of 22 and u.
22
Let b be 0 + -4 - (-3 + -6). What is the highest common divisor of b and 5?
5
Let d(f) = 3*f - 36. Let b be d(18). What is the greatest common divisor of b and 90?
18
Let c(p) = 14*p - 2. Let g be c(7). Calculate the greatest common factor of 16 and g.
16
Suppose -128 = 2*r - 4*r + 3*j, -3*r = 2*j - 192. What is the greatest common divisor of 16 and r?
16
Let z be 2*((-13)/2 - -3). Let h = z - -41. Calculate the greatest common factor of h and 51.
17
Suppose 0 = 5*f - 3*f - 2. Let n be (1/f - 0) + 104. Suppose 4*h - 3*h - 3*r - 15 = 0, 5*h - 75 = 2*r. Calculate the greatest common factor of n and h.
15
Suppose 0 = 3*l + 2*l - 25. Suppose w = -4*k + 34, l*w = -3*k - 0*k + 34. Calculate the highest common divisor of k and 40.
8
Let m(x) = -x**3 - 2*x**2 - x - 1. Let a be m(-2). Suppose -2 = 3*d + 2*t - 16, -a = -t. Let n = 70 + -58. What is the highest common divisor of n and d?
4
Suppose -2*s + 3*q = -0*s - 39, 20 = -4*q. What is the greatest common divisor of 30 and s?
6
Suppose 4*r = 5*q + 142 + 228, -5*q + 295 = 3*r. Let t(g) = 2*g**3 + 21*g**2 + 21*g - 16. Let l be t(-9). What is the highest common factor of l and r?
19
Suppose 0 = 5*q - 4*n + 6, q = -n + 2 + 4. Calculate the greatest common divisor of 2 and q.
2
Let j be -5*2*189/(-54). Calculate the greatest common factor of 5 and j.
5
Let r = -38 - -42. What is the highest common divisor of r and 1?
1
Let b(y) = -48*y**3 - y**2 - 2*y - 1. Let i be b(-1). Let c be -3 - ((0 - 11) + 2). What is the greatest common factor of i and c?
6
Suppose -7*g + 5*g = -22. What is the greatest common factor of g and 77?
11
Suppose 9 = 2*i + i. Suppose w + 3*w = -2*g + 4, i*w + 19 = 4*g. Suppose -4*y - 2*k = -6 - 0, 4*k = 2*y + 2. What is the highest common divisor of y and g?
1
Suppose -16*g = -12*g - 132. Calculate the greatest common factor of g and 22.
11
Let w(u) = u**2 + 21*u + 63. Let x be w(-18). Let s be 1 + (-62)/(-1*1). What is the greatest common factor of x and s?
9
Let d(u) = u**2 + u + 5. Let y be d(-3). Suppose -3*n + 4*m + 10 = -n, -12 = -4*m. Calculate the greatest common divisor of n and y.
11
Suppose 962 + 23 = -5*b. Let m = 391 + b. Let f = m + -77. What is the highest common divisor of f and 13?
13
Let s = -26 - -38. Suppose -3*y = 19*y - 66. What is the highest common divisor of s and y?
3
Let a = -51 + 74. What is the greatest common factor of a and 23?
23
Suppose 2*m - 108 = -8. Calculate the highest common divisor of 20 and m.
10
Let q = 30 - 14. Let b be (-2)/((-7)/(-3) - 3). Suppose 0 = 4*h - b - 253. What is the greatest common factor of h and q?
16
Let g be (-681)/27 - 4/(-18). Let t = -14 - g. What is